 128/320 - (-109686)/10. Suppose 0 = 3*a, -f = -5*a + 4*a - o. Is f a prime number?
False
Let s(l) = -8*l + 31. Let x be s(-8). Let w = -2358 - -4748. Is ((-114)/x)/((-4)/w) a prime number?
False
Suppose -32*f = -35*f + 36. Suppose -7*k - f*k = -76931. Is k prime?
True
Let p = 301 + -261. Let s(o) = 2*o**3 - 76*o**2 - 8*o - 82. Is s(p) a prime number?
False
Let u(z) = -260*z + 61. Let n = 46 + -51. Is u(n) a composite number?
False
Let u = 214096 - 81707. Is u a prime number?
False
Let i(f) = 34412*f - 8253. Is i(16) a prime number?
False
Let q(l) = -2*l + 44. Let w be q(21). Let c(z) = 2962*z - 5. Let p be c(w). Suppose 0 = -2*g - g + p. Is g prime?
True
Let u be (-2)/10 + (11 - (-273)/(-35)). Suppose 2*q = 2*w - 17278, -38371 + 12454 = -u*w + 5*q. Is w composite?
True
Let p = 127 + -132. Let t(i) = -31*i**3 + i**2 + 17*i + 6. Is t(p) composite?
False
Let i(a) = -39612*a + 1085. Is i(-2) composite?
False
Let h(a) = 381*a**2 + 780*a + 127. Is h(38) a prime number?
False
Let t = 24 + -10. Suppose -t = 3*x - 233. Suppose i + x = -o + 1248, -3*o + 4*i = -3539. Is o prime?
False
Is (214/(-963))/(-1 + (-4491565)/(-4491567)) prime?
True
Let f = -19 + 23. Suppose -4*j = -3*j + o + f, 6 = -j + o. Is ((-2)/6)/(j + (-17936)/(-3588)) a composite number?
True
Suppose 957*u - 22622 = 955*u. Is u a composite number?
False
Let s(h) = 6*h**2 + 2*h - 28. Let n be s(6). Suppose n*j = 201*j - 8882. Is j a prime number?
False
Let y(a) = a**2 - 7*a - 48. Let s be y(13). Let i = s + -24. Let c(g) = 25*g**2 - 8*g + 1. Is c(i) prime?
True
Let u(a) be the second derivative of 1/2*a**2 + 0 + 3/2*a**3 + 25*a + 505/12*a**4. Is u(-2) composite?
False
Let h(w) = 17*w**3 + 15*w**2 - 2*w - 51. Let d be h(13). Suppose -6*v + 123027 + d = 0. Is v prime?
False
Suppose 2*a = v, -2*a = -2*v + 5*v. Suppose v = -9*m - 6654 + 61725. Is m a composite number?
True
Let z = -8600 - -16539. Is z a composite number?
True
Suppose 29*g = 38*g - 18. Suppose -3*x = z - 3130, g = 4*x - 2*x. Is z prime?
False
Let l = -30990 + 56885. Is l composite?
True
Suppose -3*d - 40 = -8*d. Is (-65)/(-260) - (-92934)/d a composite number?
False
Suppose 4*p + 1208 = 2*p. Let x = -155 - p. Is x a composite number?
False
Suppose 17 = 11*t - 5. Is 4018/2 - (11 + -9 + t) a prime number?
False
Suppose -18*f - 234774 = -730368. Is f composite?
True
Let k(l) = -7088*l**3 - 41*l**2 - 78*l + 2. Is k(-5) prime?
False
Let j(u) = -u**3 - 11*u**2 - 16*u + 4. Let q be j(-10). Let o = q - -29. Is o a prime number?
False
Suppose -4*z + 2*q + 8 + 8 = 0, 0 = -3*z + 5*q + 19. Is (52/z)/(12/1080) - -1 a prime number?
False
Suppose 6*i - 10223 = 93601. Suppose 4*d - 5*n - i = 0, -3*n - 21428 - 189 = -5*d. Is d composite?
True
Suppose -4*g - 663 = 825. Let y = -706 - g. Let m = y - -1017. Is m a prime number?
True
Let t(j) = 36*j**3 + 49*j**2 - 132*j + 115. Is t(26) a composite number?
True
Let t(h) = h**2 - 13*h + 25. Let d be (50/(-6) - -1)/((-2)/3). Let f be t(d). Suppose -2*v + 705 = 4*m - 67, -569 = -f*m + v. Is m a prime number?
True
Let a(i) = 7*i**3 - 41*i**2 + 35*i + 1. Let p(f) be the first derivative of -3*f**4/4 + 7*f**3 - 9*f**2 - f + 7. Let k(u) = 2*a(u) + 5*p(u). Is k(20) prime?
True
Suppose 0 = 19*w - 175*w + 31460676. Is w a composite number?
True
Let w(s) = 201*s**2 + 43*s - 21. Let m be w(-14). Suppose -144182 = -15*a + m. Is a a composite number?
False
Suppose 0 = -214*n + 95867800 - 36588302. Is n prime?
True
Let k(m) = -m + 28. Let p be k(-24). Suppose -p*b + 6330 = -37*b. Is b a prime number?
False
Let a(j) = -14 + 412*j - 589*j - 1168*j. Is a(-5) composite?
True
Let b = -25850 + 43369. Is b a composite number?
False
Let n(s) = -108*s + 193*s - 39*s + 71. Is n(27) a composite number?
True
Suppose g - 10 = -4*y - 2*g, 3*y = 2*g - 1. Is 4646 + 184 - ((3 - y) + -1) composite?
True
Let k(l) = l + 8. Let r = 3 - 12. Let z be k(r). Is -6 + 725 - (z - -1) a composite number?
False
Suppose -185788 = -17*d + 36*d - 1898714. Is d prime?
False
Let y = 2368 - 417. Let w = y + -1298. Let k = w + -442. Is k prime?
True
Suppose -b + 16787 = 51657. Let k = -17123 - b. Is k a composite number?
False
Suppose -727647 = -6*a + 3*a - 3*g, -2*g - 485074 = -2*a. Is a a composite number?
True
Let g(s) = 5*s**3 + 3*s**2 - 3*s + 8. Let z(k) = 11*k**3 + 6*k**2 - 6*k + 16. Let q(x) = -13*g(x) + 6*z(x). Let m = 3009 + -3004. Is q(m) a composite number?
True
Let r(g) = 44*g**2 - 310 + g - 6*g + 290. Is r(7) prime?
False
Suppose -3*c = -c - 8*c. Suppose -20*u + 23*u - 15 = c. Suppose -863 = -2*l + u*m, -2*l + 3*m = 4*m - 833. Is l a composite number?
False
Suppose -3*w + 57*b = 53*b - 244009, -5*b = w - 81330. Is w a prime number?
False
Suppose 20*b - 38*b + 278298 = 0. Is b prime?
True
Suppose -95*h + 9607797 = 18*h - 792949. Is h a composite number?
True
Suppose -5*f = 3*j + 78, 0 = 3*j - 1 + 4. Is (-12)/10 + 1 - 64758/f a composite number?
True
Suppose -5*n - 2*s = -12 - 37, 4*n - 3*s = 30. Let x be (-4)/6 + 7 + (-12)/n. Suppose -2312 = -2*k - x*c + 51, 0 = -5*k + c + 5948. Is k a composite number?
True
Let o = 162895 - 102974. Is o prime?
True
Let k be -2*(12/(-32))/(-1)*8. Is (-405422)/(-141)*k/(-4) prime?
False
Let f = 625290 + -365977. Is f composite?
True
Suppose -4*c + 204391 = 3*v, -273960 = -4*v + 3*c - 1372. Is v prime?
True
Let h = 86 + -84. Is (-5)/1*(-8529)/6*h a prime number?
False
Let l be (-8)/(-10)*((-25)/2)/(-5). Let v(y) = 10400*y + 27. Is v(l) a prime number?
False
Let l(s) = -2 - 8 + 73*s - 69*s. Let y be l(4). Suppose y*t - 3631 = 1295. Is t prime?
True
Suppose 4*o - 5*m = 10245, -m - 3 = -2. Suppose 320 - o = -5*i. Suppose 5*r + 463 = 3*z - i, -5*z - 3*r + 1541 = 0. Is z prime?
True
Let f(o) = -9561*o - 853. Is f(-30) a prime number?
True
Suppose 4*g = -2*u + 1491022, g + 851338 = u + 105845. Is u prime?
False
Is 151/1208 + (-37111950)/(-272) + (-2)/17 composite?
True
Let m = -999190 + 1423503. Is m a prime number?
True
Suppose -2*s + 2 = 0, 4*p + 7*s - 3*s = 12. Suppose -y = p*y - 180. Let t = y - -337. Is t prime?
True
Suppose -7 = -5*g + 4*g. Suppose -g*l + l = 11640. Let s = -853 - l. Is s a composite number?
False
Suppose -3*g + 61314 = -67263. Is g a composite number?
False
Let k = 24884 - -7599. Is k a composite number?
True
Suppose -4*p + 1 = -d, 0 = 4*p - 4*d - 3 - 1. Suppose p*m = -3*m + 16143. Is m a prime number?
True
Is (-2770524)/(-132) - (-10)/55 a prime number?
False
Let o(f) = -170058*f - 73. Is o(-4) a prime number?
True
Let h(b) = 12*b**2 + 24*b + 181. Is h(-28) a prime number?
False
Suppose b + 0 = 8. Suppose -q + b = -0. Suppose -a + q*r - 3*r + 313 = 0, -3*a + 4*r + 895 = 0. Is a composite?
False
Suppose 29 = -2*v + 39. Is 6/10 + 5752/v + 0 composite?
False
Suppose -4*j = -6*j - 1156. Let d = 894 + j. Suppose 3*c - 317 = d. Is c composite?
False
Suppose 12*u = 15*u. Suppose u = i - 7*i + 5334. Is i composite?
True
Let k = -18101 + 40360. Is k prime?
True
Let z(h) = 4771*h + 32. Let m be z(2). Let u = m - 3105. Is u prime?
True
Let z = -56 + 80. Let t = 50 - z. Is 3/2 - (-4043)/t a composite number?
False
Suppose 2*j = 76 + 146. Suppose -w + 92 + j = 0. Let o = w - -564. Is o prime?
False
Let j be (1 + 0)*-2*(-11)/(-22). Let o be (j - (-14)/8)/((-7)/(-122780)). Suppose 5*t = 2*t + o. Is t prime?
False
Is 6/9*((-235199)/(-2) - (-3 - -1)) a prime number?
True
Suppose -o + 1 = -2*x, 2*x + 26 = 3*o - 7*o. Let k be 1/((-3)/x) - (3 + -5). Suppose 2*l = -y + 3882, -k*l + 2*y - 2895 + 8732 = 0. Is l a composite number?
True
Let f(b) = 743*b + 21. Let k be f(-1). Let m = k + 1809. Is m composite?
False
Let c(h) = -88*h - 37. Suppose v = 6*v - 70. Suppose y - 5*d = -d - 14, v = -3*y - 2*d. Is c(y) a composite number?
False
Suppose 280 - 910 = -7*u. Let t = u - 88. Suppose -137 - 2109 = -t*w. Is w composite?
False
Let u(w) = 713*w - 16. Let s be u(7). Let d = 5991 + s. Suppose -4024 = -2*j + d. Is j prime?
False
Let z be 1/(2/(-1)) + (-96921)/(-6). Suppose 4*p + 21540 = 4*u, 3*u + 2*p = 6*p + z. Is u/5 - 7/(140/8) composite?
True
Let g = -213705 + 316846. Is g a prime number?
True
Is 2/(-6)*(30/(-3) + -27869) a prime number?
True
Let b(u) = u**3 + 6*u**2 - 2*u - 8. Let g be b(-6). Suppose g = 4*j - 2*j - 2*n, 3*n = j + 2. Suppose -5*v + j*v + 2633 = 0. Is v a prime number?
True
Let y = 2502 + 892.